nd j?
2
Let l(g) = 2*g**2 + 8*g - 14. Let p be l(-7). What is the highest common factor of p and 14?
14
Let s be 2/12 - (-2354)/132. What is the greatest common divisor of s and 126?
18
Let g be 728/21 + 2/(-3). Suppose -s + 43 = 2*s - 4*f, -4*s = -4*f - 60. What is the highest common divisor of s and g?
17
Let j(l) = -3*l - 8. Suppose 7 = k + 1. Suppose 4*v = 5*v + k. Let m be j(v). Calculate the highest common divisor of 2 and m.
2
Suppose 0 = 5*v + c, 2*v - 31 + 9 = 4*c. Let m = 47 - 43. What is the greatest common factor of m and v?
1
Let j = 491 + -265. Let l = 2 + 4. Let d be 1/3 + j/l. What is the highest common divisor of 95 and d?
19
Let a(z) = -2*z - 15. Let d be a(-13). Calculate the highest common factor of 22 and d.
11
Let z = -7 + 11. Suppose -4 = z*m + 4. Let n be 10*m/((-8)/6). What is the highest common factor of n and 6?
3
Suppose -s = -4*s + 36. Let f(x) = 5*x**2 + 2*x - 1. Let i be f(1). Calculate the highest common factor of i and s.
6
Suppose 0 = 5*m - 68 - 52. What is the greatest common factor of m and 36?
12
Let p be (-190)/(-4) - (-24)/16. Let z = -3 + 4. Let h be z/((2 - -1)/21). What is the greatest common factor of p and h?
7
Suppose -5*u - 5*z + 5 = -20, -20 = 4*z. Let c = 8 - u. Let j be c/4 + (-404)/(-8). What is the greatest common divisor of j and 75?
25
Suppose 2*j + 0*j - 72 = -4*w, -89 = -5*w - 2*j. What is the highest common divisor of 153 and w?
17
Let h(g) = 11*g**2 - 2*g - 9*g**2 + 2*g. Let q be h(-3). Calculate the highest common factor of 45 and q.
9
Let z = 2 + 4. Calculate the highest common divisor of z and 6.
6
Suppose -2*j + 90 = -0*j. Suppose -o - 3*s = -47, -s = -6*s + 10. Let p = o + -26. Calculate the highest common divisor of j and p.
15
Let u be -6*(14 + 6)*14/(-3). Calculate the greatest common divisor of u and 70.
70
Let b be 1/(-3) + (-482)/(-6). Let s = 23 - 12. Suppose -2*o + 71 = 2*g + s, -3*o = 4*g - 88. Calculate the highest common divisor of b and o.
16
Let y(h) = -2*h**2 + 19*h + 19. Let t be y(10). Calculate the highest common divisor of t and 153.
9
Suppose 3*r - 12 = -0*r. Let a(o) = o**3 - 4*o**2 + 2*o - 2. Let h be a(r). Calculate the highest common factor of h and 30.
6
Let f = 57 + -33. Let w(t) = -4*t**2 + 6*t + t**2 + 4 + 2*t**2. Let p be w(4). Calculate the greatest common divisor of f and p.
12
Suppose i - 2*k = 3, -2*i - k = 2*i + 6. Let r = i - -3. Calculate the greatest common factor of 8 and r.
2
Let o = 1 + 47. What is the highest common divisor of 120 and o?
24
Let u be (2/4 + -2)*-2. Let c = u - 3. Let v(s) = s**2 + 52. Let b be v(c). What is the greatest common divisor of b and 13?
13
Suppose -5*h - 20 = 0, -t + 4*h + 18 = 1. Let a be ((-2)/(-4))/(t/18). What is the greatest common divisor of 9 and a?
9
Let i = 13 + -11. Suppose i*c - 4*x + 9 = 35, 3*x = 2*c - 24. What is the highest common factor of c and 36?
9
Let c = 15 - 8. Suppose -2*r = c - 39. Let x(s) = 64*s**2. Let u be x(-1). What is the greatest common factor of u and r?
16
Let t(x) = x**2 - 3*x - 3. Let l be t(-1). What is the highest common divisor of l and 9?
1
Suppose b - 9*b + 128 = 0. Calculate the greatest common divisor of b and 4.
4
Suppose -4*h + 3*t = -14, 0 = -h - 3*h + 2*t + 12. Let m be h*(21 - 2/2). What is the highest common factor of m and 10?
10
Let w(k) = -2*k**3 + 1. Let g be w(1). Let z(p) = 3*p. Let n be z(g). Let s = 4 + n. Calculate the greatest common divisor of 5 and s.
1
Let n be -3 + (-95)/(-30) - (-717)/18. What is the greatest common divisor of n and 60?
20
Let t be 6 - -3 - 1*2. Let m = -25 - -32. What is the greatest common factor of m and t?
7
Suppose 5*i + 2*a = 76, 3*a + 52 = 3*i + a. What is the highest common divisor of i and 40?
8
Let q(u) = -16*u - 61. Let s be q(-5). What is the greatest common factor of 95 and s?
19
Suppose 2*g - 10 = 14. Let m be ((-9)/g)/((-2)/88). Let n(w) = 6*w - 1. Let u be n(2). Calculate the highest common divisor of m and u.
11
Let f(s) be the second derivative of s**4/6 + 2*s**3/3 + s. Let x(a) = a - 5. Let g be x(0). Let k be f(g). Calculate the greatest common factor of 6 and k.
6
Let c = 38 - 2. Suppose -4*j + 17 = -s - 19, -3*s + c = 4*j. Calculate the greatest common factor of 63 and j.
9
Let z(b) = b**3 + 2*b**2 - 5*b - 4. Let y be z(-3). Let f be (3 + (4 - 6))*3/1. Calculate the highest common divisor of y and f.
1
Let q(r) = 10*r + 7. Suppose 5*c - 30 = -4*o + 4*c, -2*c = o - 11. Let s be q(o). What is the greatest common factor of 7 and s?
7
Let a(x) = -7*x**2 + 8*x - 33. Let t(r) = -3*r**2 + 4*r - 16. Let g(b) = -4*a(b) + 9*t(b). Let w be g(12). Calculate the highest common factor of 20 and w.
20
Suppose -2*t = -6*t + 32. Suppose -n = 3*n - t. Suppose -4*b = -5*h + 192, -n*h - 3*b + 84 = -b. Calculate the highest common factor of h and 5.
5
Let r be 4 + -1 + (-3 - -44). Calculate the greatest common divisor of 4 and r.
4
Let o = -82 - -187. Let r(a) = 7*a + 3. Let v be r(8). Let y be 3/12 + v/4. Calculate the greatest common factor of y and o.
15
Suppose -2*i - 5 - 5 = 0, 3*q + 2*i + 199 = 0. Let y be q/(-3)*(-15)/(-9). What is the greatest common divisor of y and 14?
7
Let s(r) be the third derivative of 2*r**2 - 5/2*r**4 + 0*r + 0 + 0*r**3. Let y be s(-2). What is the greatest common divisor of 15 and y?
15
Let n(j) = -15*j - 39. Let k be n(-17). What is the highest common factor of 24 and k?
24
Suppose -3*a = -2*a - s + 2, 3*s - 12 = 4*a. Let q be 1/a - (-543)/18. What is the highest common divisor of 15 and q?
15
Let j = 13 + 29. What is the greatest common factor of j and 21?
21
Suppose 4*c - 4 = 3*k, 2*k - c - 4*c = 9. Let h be k/(-36) - (-124)/9. What is the greatest common divisor of h and 7?
7
Let q = -26 + 37. Suppose 3*k - q - 16 = 0. Let r = 55 - 19. What is the greatest common factor of r and k?
9
Let s be 8*((-172)/(-16) + -2). What is the greatest common divisor of s and 10?
10
Let p = 13 - 21. Let o = -12 - p. Let f = 7 - o. What is the greatest common factor of 22 and f?
11
Let m = 54 + -37. Suppose -5*o - 5*w = -270, -2*o - 2*w = -3*o + 57. Let r = o - 38. Calculate the greatest common factor of r and m.
17
Let j be ((-8)/20)/((-2)/10). Suppose 0*s - 10 = -j*s. Let u = 26 - -4. What is the greatest common divisor of s and u?
5
Suppose 4*c - 9 + 1 = 0. Suppose -6 = -t + c. Let l(s) = -3*s - 4. Let m be l(-4). Calculate the highest common factor of t and m.
8
Let p be -5 - -11 - (0 + 2). Let b = 4 + p. What is the highest common divisor of 16 and b?
8
Let d be 4*(11/4 + -2). Suppose 2*h = 6*h - l - 7, -5*l - 18 = -d*h. What is the highest common divisor of 11 and h?
1
Suppose -3*h = -4*h + 5. Let k = h + -3. What is the greatest common divisor of 5 and k?
1
Let y(i) = 1 + 0 + 1 - 5*i - 4*i. Let v be y(-1). What is the greatest common factor of v and 77?
11
Let h be (-976)/(-14) + (-14)/(-49). Calculate the greatest common factor of h and 10.
10
Let g be 8/(2 + (-75)/40). Calculate the greatest common divisor of g and 16.
16
Let m = 26 - 13. Let j be m*2*(-10)/(-5). Suppose -3*o + 7*o = j. Calculate the highest common divisor of 143 and o.
13
Let k = -1 - -15. Calculate the highest common factor of k and 35.
7
Suppose -30 = -2*y + 4*r, -4*r = -5*y - 0*y + 105. Calculate the greatest common divisor of 5 and y.
5
Suppose 0*v = -3*v + 27. Let q = v + -4. Let r = -1 + q. Calculate the highest common factor of r and 2.
2
Let b = 4 - 0. Let y = -48 + 68. Calculate the highest common divisor of y and b.
4
Suppose 0 = 4*s - 2*k + 3*k, -s - k - 3 = 0. Suppose m + 5 - s = 0. Let u be 1/(-3)*(m - -1). What is the highest common factor of 11 and u?
1
Suppose -13*m + 1521 = 91. What is the greatest common divisor of m and 20?
10
Let l(k) = -k**3 - 11*k**2 - 2*k - 10. Let d be l(-11). What is the greatest common divisor of d and 48?
12
Suppose 2*n - 14 = 46. Calculate the highest common factor of n and 270.
30
Let c be ((-2)/(-3))/((-6)/(-549)). Suppose 0 = -3*d + 2*f + 47, -4*d + c - 5 = 4*f. What is the greatest common factor of d and 60?
15
Suppose -2*a = a - 300. Calculate the greatest common divisor of a and 20.
20
Let n = 14 - -3. Suppose -13 - n = -2*y. Let v = y - 11. What is the highest common factor of v and 6?
2
Suppose -2*k = -5*c - 54, 0 = 2*c - 5*c. Suppose 0 = -3*b + 1 + 8. Calculate the greatest common f